 Calculate the greatest common factor of 5 and x.
1
Suppose 0 = -3*t + t - 4*f + 102, 3*t = f + 167. Suppose 95 = 5*z - t. What is the greatest common divisor of 45 and z?
15
Let n = 537 - 377. What is the greatest common divisor of n and 20?
20
Let b be (-1)/4 + (-805)/(-20). Let w = -18 + 31. Suppose -2*x + w = 3*p, -23 = 5*x - 2*p - 65. What is the greatest common divisor of x and b?
8
Suppose 0 = 2*p - 4, p - 167 = 2*n - 5*n. What is the greatest common factor of 33 and n?
11
Let k be (-4)/3 - (570/(-9) - 4). Calculate the greatest common factor of k and 6.
6
Suppose 5*o - 3*o + 2*a - 36 = 0, -5*o - 2*a + 78 = 0. Let g = 16 - -12. Calculate the greatest common divisor of g and o.
14
Suppose -3 = -3*j + 3. Suppose j*h - 3*f = -3, -6*f + 2*f = 2*h - 18. Calculate the greatest common divisor of h and 6.
3
Let f be ((-29)/3)/((-4)/60). Let n be 3*(-2)/(-9)*87. Calculate the greatest common divisor of n and f.
29
Let x(n) = -n - 9. Let o be x(-5). Let h = 13 + o. Suppose -6*d - 8 = -2*d, -d - 56 = -2*m. What is the greatest common factor of m and h?
9
Let o be 5 - 2/((-4)/(-2)). Let y be 51/o + 2/8. Suppose 24 = 2*m - 80. Calculate the greatest common divisor of m and y.
13
Let a(p) = 14*p + 1. Let u be a(5). Suppose -4*q + u = -57. Calculate the highest common divisor of 288 and q.
32
Let r = 327 + -478. Let s = 298 + r. What is the highest common factor of s and 21?
21
Suppose -4*h + 7*h + 310 = 5*v, -4*h = 0. Suppose 4*o = 5*a + v, -o + 19 = -6*a + 3*a. Calculate the greatest common factor of 91 and o.
13
Let z = -59 - -38. Let i be 4/14 - 939/z. Let d = 58 - 28. What is the greatest common divisor of i and d?
15
Let n(r) = -r**2 - 14*r + 29. Let t be n(-13). What is the greatest common factor of 126 and t?
42
Suppose -2*r = 5*n + r - 31, -11 = -n - 3*r. Let k = 101 - -39. Suppose k = n*v - v. What is the greatest common divisor of v and 14?
7
Let j = 59 - 54. Suppose 5*k - 3*o = 17, 5*o + 24 = -k + 5*k. Calculate the greatest common factor of k and j.
1
Let h be (-2)/(-8) + (-70)/(-8). Let f = 5 - h. Let l be f/(-4) + -1 + 10. What is the greatest common divisor of 5 and l?
5
Suppose 102 = 2*u + 32. Calculate the greatest common divisor of u and 14.
7
Suppose 0 = -5*j + 242 - 32. What is the greatest common divisor of 6 and j?
6
Suppose -2*t + 76 + 104 = 0. What is the highest common factor of 36 and t?
18
Let o = 5 - 3. Suppose w - 32 = -o*y - y, 3*y - 34 = w. What is the greatest common factor of 22 and y?
11
Suppose 4*j - 2*r = 26, 5*j - 2*r - 33 = r. Calculate the highest common factor of j and 54.
6
Let t be 24/10 - (-10)/(-25). Suppose -3*z + t = -13. Calculate the highest common divisor of 50 and z.
5
Suppose -5*a - 4*n = -170, -3 - 112 = -4*a + n. Suppose 0 = -w - 4 - 2. Let c be (-94)/w + (-4)/6. Calculate the highest common divisor of a and c.
15
Let i(c) = -4*c + 1. Let w be i(2). Let h = w - -9. Let p(z) = z**2 - 2*z + 2. Let l be p(3). What is the greatest common divisor of l and h?
1
Suppose -2*g - 20 = -2*l, -25 = -5*l + g + 17. Suppose -3 = -4*n + 1. Let u be (1 + n)/(3/30). What is the greatest common divisor of u and l?
4
Suppose 0 = -j - 3*a + 20, 0 = 5*a - 0*a - 5. Let m = -27 - -112. Calculate the greatest common factor of j and m.
17
Suppose -20 = j - 52. Suppose 14*f - 15*f = -8. Calculate the greatest common divisor of f and j.
8
Suppose 0 = -4*z - z + 5. Let k be 2*z*232/2. Suppose 3*t - k = v, 5*t - 2*v = 2*v + 389. What is the greatest common factor of t and 11?
11
Let b = 0 + 2. Let h be b*(1/(-2) + 2). What is the highest common factor of h and 15?
3
Let h(f) = 2*f - 13. Let k be h(8). Let y = k - -6. What is the greatest common divisor of 36 and y?
9
Suppose t - 8 = 5*r, -9 = 4*r + t + 1. Let x = r + 5. Let h(w) = -13*w**3 - w**2 - w - 1. Let v be h(-1). Calculate the highest common divisor of v and x.
3
Let h(k) = -2*k**2 + 29*k + 10. Let i be h(12). Calculate the highest common factor of 14 and i.
14
Suppose 2*f = -2*f + 1556. Suppose 11 = -3*y + f. What is the highest common factor of 14 and y?
14
Suppose -t = 5 - 3. Let o = 6 + t. Let p be ((-15)/10)/((-3)/4). What is the highest common factor of p and o?
2
Let i = 4 + 42. Let v(y) = 14*y - 5. Let w be v(2). Calculate the greatest common divisor of i and w.
23
Suppose 4 = -6*g + 8*g. Calculate the highest common factor of 5 and g.
1
Let d be 1 - -2 - (-1 + 0). Suppose -2*k - 4 = -2*h, -5*k + d = h + h. Calculate the highest common factor of h and 3.
1
Suppose 5*i - 4*i - 16 = 0. What is the greatest common factor of 128 and i?
16
Let o be 0*2/4 - -8. Suppose 0 = 4*r - 4*x - 20, -r + 2*x = -5 - 3. Suppose 110 = r*s - 66. What is the highest common factor of o and s?
8
Let s(r) = r**3 + 4*r**2 + r - 4. Let b be s(-3). Suppose 0 = c + 4*z - b*z - 30, 3*c = -z + 85. What is the highest common divisor of 42 and c?
14
Suppose -26 = -h - z, 5*h - 166 = -0*z + 4*z. Suppose 2*i + 0*i = 10. Calculate the greatest common factor of h and i.
5
Let u(j) = -j + 2. Suppose l - 4 - 19 = 4*s, -s = -4*l + 17. Let k be u(s). Calculate the greatest common factor of k and 28.
7
Let n = -12 + 20. Let q = -6 + n. Let i be 0 - -3 - 1*q. Calculate the highest common divisor of 4 and i.
1
Suppose -b + 2 = -0. Suppose 0*m + m + q - 6 = 0, 0 = -4*m - b*q + 22. Suppose 10 = m*p - 25. Calculate the highest common factor of 21 and p.
7
Suppose -16 = -2*a - 0*a. What is the highest common divisor of 32 and a?
8
Suppose 0*p - 4*p + 66 = -3*r, 5*r = 5*p - 105. Let z be (-8)/2 - -2 - r. What is the highest common factor of z and 24?
8
Suppose -5*s + 61 = -s - h, -4*s = -3*h - 71. Let i(y) = 2*y + 9*y**3 + 0 + 4*y**3 - 1. Let m be i(1). What is the highest common factor of s and m?
14
Let x = 176 - 116. What is the greatest common factor of x and 10?
10
Suppose -368 = -3*s + 4*v, 6 = -5*v + 26. What is the highest common factor of 16 and s?
16
Let b be 143 + (0 - 4) + 4. Calculate the greatest common factor of 22 and b.
11
Let i(b) = 6*b**2 + 2*b - 4. Let d be i(-2). Calculate the highest common divisor of 128 and d.
16
Suppose 6*p = 4*p, 2*p + 200 = 4*i. Suppose -5*t = o - 10, -6*o + 2*o + 2 = t. Let a = o - -20. Calculate the greatest common factor of a and i.
10
Let o(i) = -6*i**3 - 2*i. Let s be o(-2). Suppose -n + 3*n = s. Calculate the highest common divisor of 65 and n.
13
Let q be (-1 + 0)*(-17 - 2). Suppose d = -3*s + 117, 2*s + 27*d - 23*d - 88 = 0. Calculate the greatest common divisor of q and s.
19
Let o = -26 + 42. What is the highest common factor of o and 112?
16
Let t be (-3)/(-2)*24/(-9). Let z be (-1)/((-6)/t)*-21. Let w be ((-504)/(-20))/((-1)/(-5)). What is the highest common factor of w and z?
14
Let b = -19 + 19. Let m(j) = j + 25. Let c be m(b). Calculate the greatest common divisor of c and 5.
5
Let o = 6 + -1. Let b be 2/5*o*2. Suppose -u = 4*r - 11, -1 - 7 = -4*r - b*u. Calculate the greatest common factor of 30 and r.
3
Suppose 2*z = -5*y + 51, -4*y + 6*y - 15 = z. Suppose 3*a = -y + 30. What is the highest common divisor of a and 21?
7
Let x be (-3)/6*2*-2. Suppose 4*u + 3*v = -u + 837, x*u - 318 = 3*v. What is the highest common divisor of u and 15?
15
Suppose -4*h + 3*s = -49, -2*h - h - s = -53. What is the greatest common factor of 160 and h?
16
Suppose -t + 14 = -0*t - 3*w, -2*w = -4. What is the greatest common factor of 5 and t?
5
Suppose -4*x + 4*o + 87 = -37, 5*o - 175 = -5*x. Calculate the highest common divisor of 22 and x.
11
Suppose 0 = t - 359 + 110. Suppose 3*x + 318 = 5*z, -z + 5*z + 3*x = t. Suppose -3*b = b - 36. Calculate the greatest common factor of b and z.
9
Suppose 5*r = 4*d - 6*d + 120, 0 = -3*r + 3*d + 51. What is the greatest common factor of 33 and r?
11
Let h(f) = 7*f - 9. Let m(d) = 3*d - 4. Let n(y) = 2*h(y) - 5*m(y). Let u be n(-5). What is the greatest common divisor of 28 and u?
7
Suppose -15*c = -11*c - 168. What is the greatest common factor of 12 and c?
6
Let g be (12/10)/((-8)/(-20)). Let c = -4 + g. Let o(w) = 12*w**2 + 2*w + 1. Let z be o(c). Calculate the greatest common factor of 121 and z.
11
Let f = 0 - -27. What is the highest common divisor of 18 and f?
9
Let u(c) = 5*c**3 + 10*c + 4 - 13*c - 2 + 3*c**2. Let a be u(2). What is the greatest common factor of a and 12?
12
Suppose 5*w = -p + 144, 0 = -w - 4*p - 0*p + 4